t j(n) = 25*n + 19. What is j(-2)?
-31
Let z(h) = 4*h - 3. Calculate z(5).
17
Let z(b) = -b**3 + 5*b**2 - 2*b + 4. Give z(4).
12
Let q(h) = h**2 + 3*h + 7. What is q(-7)?
35
Let y(g) = -g**3 + 6*g**2 + 5*g - 7. Calculate y(6).
23
Let l(r) = r**3 - 2*r**2 + 4. Give l(3).
13
Let b(d) = 3*d - 9. Give b(16).
39
Let p(w) = -6*w**2 + 2*w + 14. Determine p(-4).
-90
Let h(z) = 10*z + 3. Determine h(-1).
-7
Let y(r) = r**2 + 33*r + 2. Determine y(-33).
2
Let v(l) = 8*l**3 - l**2 + 3. What is v(-2)?
-65
Let m(w) = 5*w - 3. Give m(8).
37
Let n(a) = -a**2 + 1. What is n(-2)?
-3
Let w(h) = -h**2 - 2. Calculate w(4).
-18
Let i(r) = r**3 - 9*r**2 + 13*r + 15. What is i(7)?
8
Let m(v) = -7*v**3 - 3*v**2 - 3*v - 5. Give m(-2).
45
Let d(w) = -7*w**2 + 3*w - 4. Calculate d(2).
-26
Let y(p) = -p**2 + 10*p + 12. Calculate y(10).
12
Let o(d) = 29*d - 1196. Calculate o(41).
-7
Let w(i) = 10*i + 2. What is w(-1)?
-8
Let y(g) = -g - 11. What is y(-6)?
-5
Let a(q) = -q**3 - 8*q**2 - 7*q - 8. Calculate a(-7).
-8
Let v(x) = -37*x - 496. Determine v(-13).
-15
Let q(w) = 2*w**2 + 4*w - 3. Determine q(-4).
13
Let p(u) = 29*u**3 + u**2 - u - 2. Determine p(-1).
-29
Let w(s) = -s**3 + 4*s**2 + s - 2. Calculate w(2).
8
Let d(l) = -3*l**2 - 4*l - 78. Determine d(0).
-78
Let h(s) = s**3 - 3*s**2 - 2*s + 2. Determine h(5).
42
Let j(i) = 2*i**3 - 2*i**2 + i + 3. Give j(3).
42
Let d(u) = 10*u**2 + 3*u + 1. Calculate d(-1).
8
Let i(v) = -v**2 - 4*v - 5. Give i(-3).
-2
Let q(u) = -27*u - 1. Determine q(-6).
161
Let l(z) = -z**3 + z**2 - z + 16. Calculate l(0).
16
Let k(c) = c**3 - 5. Determine k(5).
120
Let p(l) = -7*l + 7. Calculate p(5).
-28
Let v(k) = -k**3 + 26*k**2 - 21*k - 91. Calculate v(25).
9
Let o(s) = s**2 - 9*s + 12. Give o(5).
-8
Let o(j) = 2*j**2 + j - 145. Give o(-11).
86
Let y(s) = -s**2 - 15*s - 25. Calculate y(-11).
19
Let b(g) = -g**2 - 22. Give b(0).
-22
Let s(k) = k**3 + k + 4. Determine s(0).
4
Let c(a) = a**3 + 18*a**2 - 18*a + 13. Determine c(-19).
-6
Let u(h) = -h**3 - 17*h**2 + 31*h + 8. What is u(2)?
-6
Let w(t) = -2*t**2 - 5*t - 3. Calculate w(-3).
-6
Let b(g) = g**3 + 8*g**2 + 3*g - 7. Calculate b(-8).
-31
Let p(i) = -i**3 + 5*i**2 - 4*i - 7. Calculate p(4).
-7
Let o(f) = 15*f - 309. Calculate o(21).
6
Let j(z) = 5*z + 116. Give j(-24).
-4
Let r(c) = -c**2 + 11*c + 5. Calculate r(-7).
-121
Let q(n) = 6*n - 21. Determine q(0).
-21
Let f(j) = 6*j + 113. What is f(-18)?
5
Let w(c) = c**3 + 49*c**2 - 157*c - 57. Give w(-52).
-5
Let o(z) = 3*z**3 + 4*z**2 - 3*z + 4. What is o(-3)?
-32
Let d(s) = s**2 - 2. What is d(3)?
7
Let k(c) = c**3 - 14*c**2 + 14*c - 6. What is k(13)?
7
Let o(i) = -i**2 - 2*i + 11. What is o(4)?
-13
Let n(p) = -8*p + 59. What is n(7)?
3
Let o(f) = f**3 + 16*f**2 - 16*f + 29. Calculate o(-17).
12
Let a(r) = r - 30. Give a(6).
-24
Let i(f) = -f + 38. What is i(17)?
21
Let y(s) = -s**2 + 4*s + 29. What is y(7)?
8
Let r(o) = -o - 4. What is r(6)?
-10
Let p(o) = 14*o + 60. Give p(-6).
-24
Let g(h) = -2*h**2 - 9*h + 25. Give g(-10).
-85
Let b(k) = k**3 + 2*k**2 + k + 14. Determine b(0).
14
Let x(p) = -p**3 - 9*p**2 + 7*p - 21. Give x(-10).
9
Let g(m) = m**3 + 10*m**2 + 16*m + 10. Give g(-6).
58
Let q(l) = 3*l - 43. Calculate q(-12).
-79
Let i(t) = -28*t**2 + 10*t - 9. What is i(1)?
-27
Let g(o) = o**2 - 18*o + 35. What is g(16)?
3
Let g(a) = -70*a + 17. Determine g(0).
17
Let o(n) = -3*n - 5. Calculate o(-4).
7
Let y(p) = -13*p + 44. What is y(2)?
18
Let o(w) = -3*w**2 + 6*w + 9. Calculate o(4).
-15
Let i(m) = -2*m**2 - 16*m - 4. What is i(-8)?
-4
Let h(b) = 4*b + 214. Calculate h(-52).
6
Let p(g) = 2*g + 1. Give p(10).
21
Let j(s) = 3*s - 10. Calculate j(-5).
-25
Let o(l) = 14*l - 26. Give o(3).
16
Let m(o) = 2*o**2 + 14*o + 6. Determine m(-9).
42
Let v(l) = 2*l**3 + 4*l**2 - 2*l - 2. Give v(-3).
-14
Let r(s) = 22*s**2 + s. What is r(1)?
23
Let n(m) = 13*m - 125. Determine n(12).
31
Let m(n) = 2*n**2 - 63*n + 111. Determine m(30).
21
Let t(x) = 51*x**2 - x. Calculate t(-1).
52
Let i(z) = -z**3 - 8*z**2 - 7*z + 6. What is i(-6)?
-24
Let v(h) = h**3 + h**2 - 4*h - 3. Calculate v(-3).
-9
Let x(g) = -8*g + 54. What is x(6)?
6
Let b(i) = -2*i**3 - 6*i**2 - 2*i - 1. Calculate b(-4).
39
Let b(l) = -2*l**3 - l**2 + 4*l + 9. Determine b(-3).
42
Let q(x) = 232*x + 1399. What is q(-6)?
7
Let t(p) = 4*p + 40. Give t(-19).
-36
Let v(n) = 4*n - 30. Give v(-11).
-74
Let m(i) = i**3 - 7*i**2 + 21*i - 91. Give m(6).
-1
Let b(u) = 2*u**2 + 2*u + 1. Determine b(-3).
13
Let u(j) = 94*j - 2. What is u(-1)?
-96
Let o(m) = m - 6. Determine o(-7).
-13
Let p(i) = -2*i**2 - 24*i - 22. What is p(-11)?
0
Let f(s) = -3*s**2 + 92*s + 118. Determine f(32).
-10
Let v(n) = 2*n**3 + 42*n**2 - n - 21. Give v(-21).
0
Let x(f) = -f**2 - 11*f - 1. Determine x(-6).
29
Let w(i) = -i**3 - 18*i**2 + 15*i - 60. Determine w(-19).
16
Let z(x) = x**2 - 9*x - 6. Determine z(6).
-24
Let b(l) = 3*l + 30. Determine b(-12).
-6
Let f(g) = -4*g - 1. Calculate f(-4).
15
Let z(s) = -8*s - 47. Determine z(-6).
1
Let y(v) = -27*v + 11. What is y(-1)?
38
Let z(d) = -d**3 - 5*d**2. Give z(-5).
0
Let q(c) = 20*c - 33. Give q(6).
87
Let q(z) = -17*z**2 + 2*z - 1. Determine q(1).
-16
Let d(r) = -r**3 - 4*r**2 - r - 2. Determine d(-4).
2
Let d(x) = -13*x + 12. Calculate d(4).
-40
Let o(a) = -2*a**2 + 25*a - 29. Give o(12).
-17
Let x(m) = m + 28. Determine x(-5).
23
Let m(v) = -v**2 - 11*v + 31. Determine m(-12).
19
Let p(r) = r**2 + 9*r + 9. Calculate p(-6).
-9
Let o(h) = -h**2 + 4*h - 10. Calculate o(8).
-42
Let z(v) = 3*v - 11. What is z(6)?
7
Let m(d) = -3*d**3 + 2*d**2 - 1. What is m(-1)?
4
Let q(g) = -g**3 + 2*g**2 - 3*g + 2. Give q(-3).
56
Let p(i) = -i**2 - 2*i + 1. What is p(-5)?
-14
Let q(w) = -57*w**3 - 2*w**2 + w. Determine q(1).
-58
Let c(m) = m**2 + 49*m + 373. Calculate c(-9).
13
Let x(p) = -p**3 - 9*p**2 - 13*p + 2. Determine x(-7).
-5
Let t(x) = x**3 - 6*x**2 + x. Calculate t(3).
-24
Let g(s) = -s**3 - 5*s**2 + 8*s + 4. Give g(-6).
-8
Let f(a) = -a - 7. Determine f(-5).
-2
Let c(w) = 9*w - 51. What is c(7)?
12
Let f(z) = z**2 - 8*z + 4. What is f(0)?
4
Let k(h) = -7*h - 3. Give k(2).
-17
Let g(x) = -x**2 - 3*x + 38. What is g(5)?
-2
Let d(p) = -p**3 + p**2 + 2*p + 35. What is d(0)?
35
Let n(x) = 2*x**2 + 46*x + 202. What is n(-6)?
-2
Let w(o) = 3*o - 3. What is w(-2)?
-9
Let l(k) = -2*k**3 + 39*k**2 - 14*k + 29. Determine l(19).
124
Let d(t) = -2*t**2 - 28*t - 47. Calculate d(-11).
19
Let u(w) = 33*w - 200. What is u(6)?
-2
Let c(t) = -3*t**2 + 30*t + 3. What is c(7)?
66
Let y(d) = 5*d - 47. Give y(10).
3
Let m(w) = -3*w**2 + 32*w - 8. Give m(10).
12
Let m(a) = a**2 - 5*a - 264. What is m(19)?
2
Let h(s) = -2*s**3 + 49*s**2 - 25*s + 23. What is h(24)?
-1
Let v(l) = -25*l - 18. Give v(-5).
107
Let x(v) = -9*v**2 + 5*v + 4. Give x(-1).
-10
Let s(f) = -6*f**2 - 3*f + 3. Give s(2).
-27
Let f(g) = 4*g + 17. Give f(-3).
5
Let u(l) = -l**2 - 36*l + 128. Calculate u(-39).
11
Let n(w) = -w**3 + 9*w**2 - 11*w + 7. Give n(7).
28
Let p(y) = 9*y**2 - 3*y + 2. Determine p(1).
8
Let z(b) = -2*b**3 + b**2 - 3. Give z(3).
-48
Let l(j) = -6*j + 19. Determine l(3).
1
Let s(r) = -r + 13. What is s(8)?
5
Let d(c) = -7*c**3 + c**2 + 1. Determine d(-2).
61
Let v(u) = 5*u**2 + 2*u + 1. Calculate v(-1).
4
Let w(n) = 19*n**2 + 3. Determine w(2).
79
Let r(l) = -3*l - 64. Calculate r(-25).
11
Let d(b) = -2*b**2 - 13*b - 25. Calculate d(-6).
-19
Let d(a) = 2*a + 3. Calculate d(-2).
-1
Let w(z) = z**3 - 3*z**2 + 4*z - 5. Calculate w(4).
27
Let l(g) = 6*g - 55. Calculate l(8).
-7
Let u(m) = -m**2 - 5*m + 3. What is u(-6)?
-3
Let c(b) = -b**3 - 18*b**2 + 17*b - 22. Determine c(-19).
16
Let j(w) = w**3 - 11*w**2 - 2*w - 6. What is j(11)?
-28
Let r(w) = -7*w - 8. Determine r(-1).
-1
Let v(n) = -n. What is v(13)?
-13
Let x(d) = -d**3 - 9*d**2 - 29*d - 5. Give x(-5).
40
Let d(t) = -t**3 + 6*t**2 + 5*t - 62. What is d(4)?
-10
Let g(r) = r**3 + 7*r**2 - 16*r - 2. What is g(-7)?
110
Let g(l) = l**2 - 33*l + 107. What is g(29)?
-9
Let j(m) = -m**3 + 6*m**2 - 11*m + 16. Give j(4).
4
Let y(c) = 17*c**3 - c**2 - 2*c - 1. What is y(-1)?
-17
Let o(c) = -c**3 + 15*c**2 - 27*c + 18. Calculate o(13).
5
Let q(w) = -8*w - 2. Calculate q(3).
-26
Let f(h) = -9*h**2 - 2*h - 2. What is f(-1)?
-9
Let f(k) = 3*k**2 + 18*k - 1. Give f(-7).
